vide 429?
True
Does 106 divide 1090?
False
Is 16 a factor of 2173?
False
Does 24 divide 61?
False
Is 52 a factor of 3172?
True
Is 171 a factor of 11987?
False
Is 3683 a multiple of 98?
False
Is 9 a factor of 33?
False
Is 28 a multiple of 17?
False
Is 24 a factor of 1344?
True
Is 27448 a multiple of 387?
False
Does 3 divide 247?
False
Does 15 divide 6960?
True
Does 87 divide 4113?
False
Is 6690 a multiple of 30?
True
Is 5122 a multiple of 197?
True
Does 163 divide 2445?
True
Is 3 a factor of 120?
True
Is 9474 a multiple of 2?
True
Does 10 divide 13900?
True
Is 85 a multiple of 5?
True
Does 3 divide 809?
False
Is 2397 a multiple of 22?
False
Is 22 a factor of 1728?
False
Is 11 a factor of 562?
False
Is 10518 a multiple of 24?
False
Does 9 divide 2547?
True
Is 886 a multiple of 4?
False
Is 1353 a multiple of 33?
True
Does 126 divide 5796?
True
Is 1175 even?
False
Is 249 a multiple of 7?
False
Is 2929 a multiple of 29?
True
Does 7 divide 1964?
False
Is 21 a factor of 69771?
False
Is 31 a factor of 775?
True
Is 24 a factor of 348?
False
Is 27810 a multiple of 6?
True
Is 99088 a multiple of 16?
True
Is 219 a factor of 61539?
True
Is 90 a multiple of 8?
False
Is 246 a multiple of 31?
False
Is 2116 a multiple of 8?
False
Is 19 a factor of 27531?
True
Does 5 divide 74?
False
Is 37 a factor of 1628?
True
Is 38 a factor of 2204?
True
Is 297 a multiple of 4?
False
Does 26 divide 2054?
True
Is 111134 a multiple of 239?
False
Is 93 a factor of 8184?
True
Is 4799 a multiple of 98?
False
Is 7680 a multiple of 160?
True
Is 13 a factor of 2659?
False
Is 4 a factor of 560?
True
Is 3 a factor of 125?
False
Is 8 a factor of 336?
True
Is 17885 a multiple of 44?
False
Does 10 divide 1062?
False
Does 46 divide 8188?
True
Does 40 divide 1240?
True
Is 14 a factor of 63460?
False
Does 8 divide 520?
True
Does 56 divide 8634?
False
Is 27 a factor of 5184?
True
Does 9 divide 2529?
True
Is 15 a factor of 7913?
False
Is 1024 a multiple of 8?
True
Is 1021 a multiple of 25?
False
Is 31 even?
False
Does 13 divide 5757?
False
Does 78 divide 1561?
False
Is 8 a multiple of 5?
False
Is 33 a factor of 429?
True
Does 3 divide 51?
True
Is 14782 a multiple of 19?
True
Does 13 divide 10729?
False
Is 20 a factor of 1232?
False
Is 20 a factor of 25462?
False
Is 40 a factor of 3327?
False
Is 25 a factor of 6342?
False
Is 17 a factor of 6664?
True
Does 16 divide 125?
False
Does 17 divide 30651?
True
Is 8028 even?
True
Is 69 a factor of 7435?
False
Is 26 a factor of 884?
True
Is 14 a factor of 209?
False
Is 3 a factor of 1252?
False
Is 12 a factor of 1715?
False
Is 34304 a multiple of 134?
True
Is 11264 a multiple of 44?
True
Is 770 a multiple of 34?
False
Is 4329 a multiple of 66?
False
Does 3 divide 7160?
False
Is 52 a factor of 312?
True
Does 60 divide 702?
False
Is 18 a factor of 594?
True
Is 462 even?
True
Is 289 a multiple of 60?
False
Is 776 a multiple of 38?
False
Is 2694 a multiple of 57?
False
Does 5 divide 399?
False
Is 2 a factor of 60?
True
Does 8 divide 1171?
False
Is 24852 a multiple of 102?
False
Does 47 divide 2129?
False
Does 25 divide 2425?
True
Is 6 a factor of 324?
True
Is 11 a factor of 2024?
True
Does 30 divide 6630?
True
Is 11700 a multiple of 38?
False
Is 49248 a multiple of 81?
True
Does 22 divide 16444?
False
Does 8 divide 73?
False
Is 12261 a multiple of 67?
True
Is 2914 a multiple of 120?
False
Is 36 a factor of 900?
True
Is 10 a factor of 1555?
False
Does 13 divide 4363?
False
Does 5 divide 1408?
False
Does 11 divide 23272?
False
Is 12 a factor of 6612?
True
Is 3607 a multiple of 18?
False
Is 770 a multiple of 22?
True
Is 43 a factor of 1462?
True
Is 2101 a multiple of 11?
True
Does 8 divide 7522?
False
Is 8634 a multiple of 6?
True
Is 146 a multiple of 5?
False
Does 13 divide 86861?
False
Is 44 a factor of 220?
True
Does 6 divide 1591?
False
Does 10 divide 2426?
False
Is 2553 a multiple of 69?
True
Is 48 a factor of 609?
False
Is 6 a factor of 147?
False
Is 5 a factor of 3207?
False
Is 1441 a multiple of 5?
False
Does 46 divide 1748?
True
Is 46240 a multiple of 289?
True
Does 4 divide 177?
False
Is 11940 a multiple of 20?
True
Is 82240 a multiple of 32?
True
Does 27 divide 5347?
False
Is 9 a factor of 16380?
True
Is 45 a factor of 38565?
True
Is 568 a multiple of 125?
False
Does 5 divide 5769?
False
Does 32 divide 10848?
True
Does 10 divide 811?
False
Is 4950 a multiple of 66?
True
Is 51 a factor of 8447?
False
Does 19 divide 4790?
False
Does 8 divide 472?
True
Is 131 a factor of 1703?
True
Is 7060 a multiple of 7?
False
Does 56 divide 56?
True
Is 5995 a multiple of 11?
True
Does 9 divide 6651?
True
Is 26 a factor of 10499?
False
Is 25992 a multiple of 18?
True
Does 11 divide 429?
True
Is 102 a factor of 2213?
False
Is 4 a factor of 1316?
True
Does 96 divide 15120?
False
Does 5 divide 884?
False
Does 157 divide 50716?
False
Does 144 divide 1825?
False
Is 8027 even?
False
Is 13 a factor of 663?
True
Does 13 divide 2051?
False
Does 38 divide 37945?
False
Is 12 a factor of 9552?
True
Is 4 a factor of 76?
True
Is 438 a multiple of 11?
False
Does 28 divide 532?
True
Is 1786 a multiple of 47?
True
Is 21940 a multiple of 193?
False
Is 2011 even?
False
Is 2 a factor of 934?
True
Is 425 a multiple of 86?
False
Does 17 divide 3281?
True
Is 2 a factor of 179?
False
Is 689 a multiple of 53?
True
Is 62266 a multiple of 19?
False
Is 1840 a multiple of 23?
True
Does 15 divide 520?
False
Does 66 divide 1988?
False
Is 131 a multiple of 37?
False
Does 3 divide 125?
False
Is 12 a factor of 4758?
False
Is 18720 a multiple of 80?
True
Is 1390 a multiple of 25?
False
Is 875 a multiple of 25?
True
Is 5 a factor of 85?
True
Does 36 divide 25056?
True
Is 611 a multiple of 13?
True
Does 38 divide 2508?
True
Is 433 a multiple of 9?
False
Does 393 divide 23973?
True
Is 1043 a multiple of 60?
False
Is 90 a factor of 8815?
False
Is 47 a factor of 10575?
True
Is 26 a factor of 52341?
False
Is 6942 a multiple of 26?
True
Is 58 a factor of 6438?
True
Is 51194 a multiple of 179?
True
Is 4357 a multiple of 140?
False
Is 27 a factor of 5535?
True
Does 92 divide 5280?
False
Is 3151 a multiple of 6?
False
Is 2373 a multiple of 4?
False
Is 383 a multiple of 2?
False
Is 23 a factor of 6889?
False
Does 17 divide 2346?
True
Is 52 a factor of 13572?
True
Is 88866 a multiple of 9?
True
Is 39 a factor of 585?
True
Does 12 divide 3799?
False
Is 103 a factor of 2884?
True
Does 54 divide 32172?
False
Is 7933 a multiple of 112?
False
Is 115 a multiple of 23?
True
Is 12386 a multiple of 20?
False
Does 50 divide 400?
True
Is 21 a factor of 948?
False
Is 26 a factor of 598?
True
Is 5 a factor of 643?
False
Is 17612 a multiple of 17?
True
Is 113 a factor of 62479?
False
Is 38692 a multiple of 68?
True
Is 28 a factor of 1787?
False
Does 83 divide 13309?
False
Is 34 a multiple of 2?
True
Is 378 a multiple of 63?
True
Is 81 a factor of 29727?
True
Does 91 divide 2912?
True
Does 24 divide 4272?
True
Is 69 a factor of 2437?
False
Is 3805 a multiple of 5?
True
Is 155 a factor of 34410?
True
Is 9 a factor of 6903?
True
Is 17 a factor of 5933?
True
Does 22 divide 2156?
True
Is 2184 a multiple of 46?
False
Is 2688 a multiple of 32?
True
Is 14 a factor of 24?
False
Does 5 divide 3015?
True
Is 191 a multiple of 4?
False
Is 495 a multiple of 2?
False
Does 60 divide 38105?
False
Is 1012 a multiple of 8?
False
Is 61 a factor of 4019?
False
Is 40 a factor of 3160?
True
Does 20 divide 1300?
True
Does 209 divide 53551?
False
Is 30 a factor of 1410?
True
Does 28 divide 445?
False
Is 1968 a multiple of 41?
True
Does 19 divide 105089?
True
Is 23377 a multiple of 97?
True
Is 23 a factor of 4163?
True
Is 20 a factor of 300?
True
Is 2854 a multiple of 87?
False
Does 16 divide 6720?
True
Is 594 a multiple of 18?
True
Is 103 a factor of 2987?
True
Is 7 a factor of 987?
True
Is 12 a factor of 137811?
False
Is 138 a factor of 50335?
False
Does 20 divide 83440?
True
Is 81 a factor of 5324?
False
Does 3 divide 8988?
True
Does 60 divide 3606?
False
Is 2428 a multiple of 47?
False
Is 632 a multiple of 8?
True
Is 35 a factor of 83370?
True
Is 23 a factor of 7663?
False
Does 14 divide 462?
True
Is 70 a factor of 3080?
True
Is 229 a multiple of 6?
False
Is 126678 a multiple of 228?
False
Is 32 a factor of 48448?
True
Is 123 a factor of 17311